{"id":321,"date":"2024-02-22T13:58:53","date_gmt":"2024-02-22T12:58:53","guid":{"rendered":"https:\/\/digitxpert.fr\/?page_id=321"},"modified":"2025-04-07T16:50:54","modified_gmt":"2025-04-07T14:50:54","slug":"web","status":"publish","type":"page","link":"https:\/\/digitxpert.fr\/index.php\/web\/","title":{"rendered":"Web"},"content":{"rendered":"<div class=\"wpb-content-wrapper\">[vc_row][vc_column][vc_column_text font_size=\u00a0\u00bb30&Prime;]\n<h1 style=\"text-decoration: underline; text-decoration-color: #3496d8;\">WEB &amp; MARKETING<\/h1>\n[\/vc_column_text][\/vc_column][\/vc_row][vc_row][vc_column width=\u00a0\u00bb1\/2&Prime;]<figure class=\"vcex-image vcex-module\"><div class=\"vcex-image-inner wpex-relative wpex-inline-block\"><img width=\"615\" height=\"549\" src=\"https:\/\/digitxpert.fr\/wp-content\/uploads\/2024\/03\/WEB_1.jpg\" class=\"vcex-image-img wpex-align-middle\" alt=\"\" loading=\"lazy\" decoding=\"async\" srcset=\"https:\/\/digitxpert.fr\/wp-content\/uploads\/2024\/03\/WEB_1.jpg 615w, https:\/\/digitxpert.fr\/wp-content\/uploads\/2024\/03\/WEB_1-300x268.jpg 300w, https:\/\/digitxpert.fr\/wp-content\/uploads\/2024\/03\/WEB_1-600x536.jpg 600w\" sizes=\"auto, (max-width: 615px) 100vw, 615px\" \/><\/div><\/figure>[\/vc_column][vc_column width=\u00a0\u00bb1\/2&Prime;][vc_column_text font_size=\u00a0\u00bb18&Prime;]<b>UN SITE WEB \u00c0 VOTRE IMAGE<\/b><\/p>\n<p><span style=\"font-weight: 400;\">Vous ne savez pas par ou commencer ?\u00a0 Nous pouvons vous accompagner pour que vous ayez enfin le site que vous m\u00e9ritez. Un site qui, en plus d\u2019\u00eatre beau, saura transformer vos visiteurs en clients.<\/span><\/p>\n<p><span style=\"font-weight: 400;\">Il existe aujourd\u2019hui bien des moyens pour cr\u00e9er un site \u00e0 moindre co\u00fbt, mais \u00e7a se fait \u00e9videmment au d\u00e9triment de la qualit\u00e9 de ce dernier. Si vous voulez que votre site vous rapporte quelque chose, il est indispensable de faire appel \u00e0 une agence web qualifi\u00e9e.<\/span><\/p>\n<p><b>SANS OUBLIER LA VISIBILITEE<\/b><\/p>\n<p><span style=\"font-weight: 400;\">Un site beau avec une exp\u00e9rience utilisateur bien pens\u00e9e oui mais, est-ce que votre site g\u00e9n\u00e8re du trafic ?<\/span><\/p>\n<p><span style=\"font-weight: 400;\">L\u00e0 encore, il est difficile de s\u2019en sortir sans faire appel \u00e0 une agence de sp\u00e9cialistes. Quel que soit le projet de site web nous optimisons vos projets pour g\u00e9n\u00e9rer du trafic qualifi\u00e9.<\/span>[\/vc_column_text][\/vc_column][\/vc_row]\n<\/div>","protected":false},"excerpt":{"rendered":"<p>[vc_row][vc_column][vc_column_text font_size=\u00a0\u00bb30&Prime;] WEB &amp; MARKETING [\/vc_column_text][\/vc_column][\/vc_row][vc_row][vc_column width=\u00a0\u00bb1\/2&Prime;][\/vc_column][vc_column width=\u00a0\u00bb1\/2&Prime;][vc_column_text font_size=\u00a0\u00bb18&Prime;]UN SITE WEB \u00c0 VOTRE IMAGE Vous ne savez pas par ou commencer ?\u00a0 Nous pouvons vous accompagner pour que vous ayez enfin le site que vous m\u00e9ritez. Un site qui, en plus d\u2019\u00eatre beau, saura transformer vos visiteurs en clients. Il existe aujourd\u2019hui bien des moyens&hellip;<\/p>\n","protected":false},"author":1,"featured_media":0,"parent":0,"menu_order":0,"comment_status":"closed","ping_status":"closed","template":"","meta":{"om_disable_all_campaigns":false,"_monsterinsights_skip_tracking":false,"_monsterinsights_sitenote_active":false,"_monsterinsights_sitenote_note":"","_monsterinsights_sitenote_category":0,"_uf_show_specific_survey":0,"_uf_disable_surveys":false,"_themeisle_gutenberg_block_has_review":false,"footnotes":""},"class_list":["post-321","page","type-page","status-publish","hentry","entry","no-media"],"aioseo_notices":[],"jetpack_sharing_enabled":true,"_links":{"self":[{"href":"https:\/\/digitxpert.fr\/index.php\/wp-json\/wp\/v2\/pages\/321","targetHints":{"allow":["GET"]}}],"collection":[{"href":"https:\/\/digitxpert.fr\/index.php\/wp-json\/wp\/v2\/pages"}],"about":[{"href":"https:\/\/digitxpert.fr\/index.php\/wp-json\/wp\/v2\/types\/page"}],"author":[{"embeddable":true,"href":"https:\/\/digitxpert.fr\/index.php\/wp-json\/wp\/v2\/users\/1"}],"replies":[{"embeddable":true,"href":"https:\/\/digitxpert.fr\/index.php\/wp-json\/wp\/v2\/comments?post=321"}],"version-history":[{"count":23,"href":"https:\/\/digitxpert.fr\/index.php\/wp-json\/wp\/v2\/pages\/321\/revisions"}],"predecessor-version":[{"id":590,"href":"https:\/\/digitxpert.fr\/index.php\/wp-json\/wp\/v2\/pages\/321\/revisions\/590"}],"wp:attachment":[{"href":"https:\/\/digitxpert.fr\/index.php\/wp-json\/wp\/v2\/media?parent=321"}],"curies":[{"name":"wp","href":"https:\/\/api.w.org\/{rel}","templated":true}]}}