{"id":31,"date":"2022-07-06T00:12:57","date_gmt":"2022-07-06T00:12:57","guid":{"rendered":"https:\/\/total.wpexplorer.com\/biz\/?page_id=31"},"modified":"2026-01-22T13:34:18","modified_gmt":"2026-01-22T12:34:18","slug":"homepage-2","status":"publish","type":"page","link":"https:\/\/digitxpert.fr\/","title":{"rendered":"Agence digitale cr\u00e9ation de site internet"},"content":{"rendered":"<div class=\"wpb-content-wrapper\">[vc_row full_width=\u00a0\u00bbstretch_row\u00a0\u00bb full_height=\u00a0\u00bbyes\u00a0\u00bb offset_overlay_header=\u00a0\u00bbyes\u00a0\u00bb wpex_bg_overlay=\u00a0\u00bbdark\u00a0\u00bb css=\u00a0\u00bb.vc_custom_1731155124681{background: #222222 url(https:\/\/digitxpert.fr\/wp-content\/uploads\/2022\/07\/bench-accounting-C3V88BOoRoM-unsplash.jpg?id=74) !important;background-position: center !important;background-repeat: no-repeat !important;background-size: cover !important;}\u00a0\u00bb wpex_bg_overlay_opacity=\u00a0\u00bb40%\u00a0\u00bb][vc_column]<style> style=\"height:clamp(60px, 5vmax, 100px);\"<\/style><div class=\"vcex-spacing wpex-w-100 wpex-clear\" style=\"height:clamp(60px, 5vmax, 100px);\"><\/div><style>.vcex-heading.vcex_69d50f09c4246{width:800px;color:#ffffff;font-size:clamp(40px, 5vmax, 60px);}<\/style><h1 class=\"vcex-heading vcex-heading-plain vcex-module wpex-heading wpex-text-2xl wpex-text-center wpex-max-w-100 wpex-mx-auto vcex_69d50f09c4246\"><span class=\"vcex-heading-inner wpex-inline-block\">Agence Digitale<\/span><\/h1><style> style=\"height:25px;\"<\/style><div class=\"vcex-spacing wpex-w-100 wpex-clear\" style=\"height:25px;\"><\/div>[vc_column_text text_align=\u00a0\u00bbcenter\u00a0\u00bb color=\u00a0\u00bb#ffffff\u00a0\u00bb width=\u00a0\u00bb500px\u00a0\u00bb font_size=\u00a0\u00bb1.2em\u00a0\u00bb]Votre projet devient notre passion, avec notre expertise nous vous aidons \u00e0 r\u00e9aliser vos r\u00eaves.[\/vc_column_text]<style> style=\"height:35px;\"<\/style><div class=\"vcex-spacing wpex-w-100 wpex-clear\" style=\"height:35px;\"><\/div><style>.vcex-multi-buttons.vcex_69d50f09c5aee{gap:15px;}.vcex-multi-buttons.vcex_69d50f09c5aee .theme-button,.vcex-multi-buttons.vcex_69d50f09c5aee .theme-txt-link{border-radius:var(--wpex-rounded-full);border-width:2px;}<\/style><div class=\"vcex-multi-buttons wpex-flex wpex-flex-wrap wpex-items-center wpex-gap-10 wpex-justify-center vcex_69d50f09c5aee\"><a href=\"https:\/\/digitxpert.fr\/index.php\/contact-2\/\" title=\"Contact\" class=\"theme-button flat outline-transparent wpex-text-center vcex-count-1\">Nous contacter<\/a><\/div><style> style=\"height:clamp(60px, 5vmax, 100px);\"<\/style><div class=\"vcex-spacing wpex-w-100 wpex-clear\" style=\"height:clamp(60px, 5vmax, 100px);\"><\/div>[\/vc_column][\/vc_row][vc_row remove_bottom_col_margin=\u00a0\u00bbtrue\u00a0\u00bb][vc_column]<div class=\"wpex-template-shortcode\">[vc_row remove_bottom_col_margin=\u00a0\u00bbtrue\u00a0\u00bb][vc_column]<style> style=\"height:clamp(60px, 7vmax, 120px);\"<\/style><div class=\"vcex-spacing wpex-w-100 wpex-clear\" style=\"height:clamp(60px, 7vmax, 120px);\"><\/div>[\/vc_column][\/vc_row]\n<\/div>[\/vc_column][\/vc_row][vc_row remove_bottom_col_margin=\u00a0\u00bbtrue\u00a0\u00bb][vc_column]<style>.vcex-heading.vcex_69d50f09c6e07{font-size:var(--wpex-text-4xl);}<\/style><h2 class=\"vcex-heading vcex-heading-plain vcex-module wpex-heading wpex-text-2xl wpex-mb-20 wpex-text-center vcex_69d50f09c6e07\"><span class=\"vcex-heading-inner wpex-inline-block\">Qui sommes nous ?<\/span><\/h2>[vc_column_text width=\u00a0\u00bb600px\u00a0\u00bb text_align=\u00a0\u00bbcenter\u00a0\u00bb font_size=\u00a0\u00bb1.07em\u00a0\u00bb]Nous sommes une agence digitale sp\u00e9cialis\u00e9e dans la cr\u00e9ation de sites internet, Nous accompagnons nos clients \u00e0 chaque \u00e9tape de leur projet num\u00e9rique. Nous avons pour mission de transformer vos id\u00e9es en r\u00e9alisations concr\u00e8tes dans le monde digital avec confiance et succ\u00e8s ![\/vc_column_text]<style> style=\"height:clamp(40px, 5vmax, 80px);\"<\/style><div class=\"vcex-spacing wpex-w-100 wpex-clear\" style=\"height:clamp(40px, 5vmax, 80px);\"><\/div>[\/vc_column][\/vc_row][vc_section full_width=\u00a0\u00bbstretch_row\u00a0\u00bb el_class=\u00a0\u00bbwpex-surface-2&Prime;][vc_row][vc_column]<style> style=\"height:clamp(40px, 5vmax, 80px);\"<\/style><div class=\"vcex-spacing wpex-w-100 wpex-clear\" style=\"height:clamp(40px, 5vmax, 80px);\"><\/div><style>.vcex-heading.vcex_69d50f09c74c3{font-size:var(--wpex-text-4xl);}<\/style><h2 class=\"vcex-heading vcex-heading-plain vcex-module wpex-heading wpex-text-2xl wpex-mb-20 wpex-text-center vcex_69d50f09c74c3\"><span class=\"vcex-heading-inner wpex-inline-block\">Nos services<\/span><\/h2>[vc_column_text width=\u00a0\u00bb600px\u00a0\u00bb text_align=\u00a0\u00bbcenter\u00a0\u00bb font_size=\u00a0\u00bb1.07em\u00a0\u00bb]\n<p style=\"text-align: left;\">Digitxpert propose divers services aux entreprises. Notre engagement envers la satisfaction client nous pousse \u00e0 comprendre parfaitement vos besoins et \u00e0 r\u00e9aliser vos projets avec la plus grande excellence.<\/p>\n[\/vc_column_text]<style> style=\"height:clamp(40px, 5vmax, 80px);\"<\/style><div class=\"vcex-spacing wpex-w-100 wpex-clear\" style=\"height:clamp(40px, 5vmax, 80px);\"><\/div>[vc_row_inner][vc_column_inner width=\u00a0\u00bb1\/4&Prime;]<style>.vcex-image.vcex_69d50f09c8048 .vcex-image-img{border-radius:var(--wpex-rounded-md);}.vcex-image.vcex_69d50f09c8048 .vcex-image-inner{max-width:70%;}<\/style><figure class=\"vcex-image vcex-module vcex_69d50f09c8048\"><div class=\"vcex-image-inner wpex-relative wpex-inline-block hvr hvr-grow-shadow\"><a href=\"https:\/\/digitxpert.fr\/index.php\/web\/\"><img width=\"1024\" height=\"1024\" src=\"https:\/\/digitxpert.fr\/wp-content\/uploads\/2025\/04\/web.png\" class=\"vcex-image-img wpex-align-middle wpex-aspect-1-1 wpex-object-cover wpex-shadow-md\" alt=\"\" loading=\"lazy\" decoding=\"async\" srcset=\"https:\/\/digitxpert.fr\/wp-content\/uploads\/2025\/04\/web.png 1024w, https:\/\/digitxpert.fr\/wp-content\/uploads\/2025\/04\/web-300x300.png 300w, https:\/\/digitxpert.fr\/wp-content\/uploads\/2025\/04\/web-150x150.png 150w, https:\/\/digitxpert.fr\/wp-content\/uploads\/2025\/04\/web-768x768.png 768w, https:\/\/digitxpert.fr\/wp-content\/uploads\/2025\/04\/web-600x600.png 600w, https:\/\/digitxpert.fr\/wp-content\/uploads\/2025\/04\/web-100x100.png 100w\" sizes=\"auto, (max-width: 1024px) 100vw, 1024px\" \/><\/a><\/div><\/figure>[\/vc_column_inner][vc_column_inner width=\u00a0\u00bb1\/4&Prime;]<style>.vcex-image.vcex_69d50f09caef1 .vcex-image-img{border-radius:var(--wpex-rounded-md);}.vcex-image.vcex_69d50f09caef1 .vcex-image-inner{max-width:70%;}<\/style><figure class=\"vcex-image vcex-module vcex_69d50f09caef1\"><div class=\"vcex-image-inner wpex-relative wpex-inline-block hvr hvr-grow-shadow\"><a href=\"https:\/\/digitxpert.fr\/index.php\/graphisme\/\"><img width=\"1024\" height=\"1024\" src=\"https:\/\/digitxpert.fr\/wp-content\/uploads\/2025\/04\/graphisme.png\" class=\"vcex-image-img wpex-align-middle wpex-aspect-1-1 wpex-object-cover wpex-shadow-md\" alt=\"\" loading=\"lazy\" decoding=\"async\" srcset=\"https:\/\/digitxpert.fr\/wp-content\/uploads\/2025\/04\/graphisme.png 1024w, https:\/\/digitxpert.fr\/wp-content\/uploads\/2025\/04\/graphisme-300x300.png 300w, https:\/\/digitxpert.fr\/wp-content\/uploads\/2025\/04\/graphisme-150x150.png 150w, https:\/\/digitxpert.fr\/wp-content\/uploads\/2025\/04\/graphisme-768x768.png 768w, https:\/\/digitxpert.fr\/wp-content\/uploads\/2025\/04\/graphisme-600x600.png 600w, https:\/\/digitxpert.fr\/wp-content\/uploads\/2025\/04\/graphisme-100x100.png 100w\" sizes=\"auto, (max-width: 1024px) 100vw, 1024px\" \/><\/a><\/div><\/figure>[\/vc_column_inner][vc_column_inner width=\u00a0\u00bb1\/4&Prime;]<style>.vcex-image.vcex_69d50f09cb612 .vcex-image-img{border-radius:var(--wpex-rounded-md);}.vcex-image.vcex_69d50f09cb612 .vcex-image-inner{max-width:70%;}<\/style><figure class=\"vcex-image vcex-module vcex_69d50f09cb612\"><div class=\"vcex-image-inner wpex-relative wpex-inline-block hvr hvr-grow-shadow\"><a href=\"https:\/\/digitxpert.fr\/index.php\/referencement\/\"><img width=\"1024\" height=\"1024\" src=\"https:\/\/digitxpert.fr\/wp-content\/uploads\/2025\/04\/referencement.png\" class=\"vcex-image-img wpex-align-middle wpex-shadow-md\" alt=\"\" loading=\"lazy\" decoding=\"async\" srcset=\"https:\/\/digitxpert.fr\/wp-content\/uploads\/2025\/04\/referencement.png 1024w, https:\/\/digitxpert.fr\/wp-content\/uploads\/2025\/04\/referencement-300x300.png 300w, https:\/\/digitxpert.fr\/wp-content\/uploads\/2025\/04\/referencement-150x150.png 150w, https:\/\/digitxpert.fr\/wp-content\/uploads\/2025\/04\/referencement-768x768.png 768w, https:\/\/digitxpert.fr\/wp-content\/uploads\/2025\/04\/referencement-600x600.png 600w, https:\/\/digitxpert.fr\/wp-content\/uploads\/2025\/04\/referencement-100x100.png 100w\" sizes=\"auto, (max-width: 1024px) 100vw, 1024px\" \/><\/a><\/div><\/figure>[\/vc_column_inner][vc_column_inner width=\u00a0\u00bb1\/4&Prime;]<style>.vcex-image.vcex_69d50f09cbcb2 .vcex-image-img{border-radius:var(--wpex-rounded-md);}.vcex-image.vcex_69d50f09cbcb2 .vcex-image-inner{max-width:70%;}<\/style><figure class=\"vcex-image vcex-module vcex_69d50f09cbcb2\"><div class=\"vcex-image-inner wpex-relative wpex-inline-block hvr hvr-grow-shadow\"><a href=\"https:\/\/digitxpert.fr\/index.php\/reseaux-sociaux\/\"><img width=\"1024\" height=\"1024\" src=\"https:\/\/digitxpert.fr\/wp-content\/uploads\/2025\/04\/reseaux-sociaux.png\" class=\"vcex-image-img wpex-align-middle wpex-shadow-md\" alt=\"\" loading=\"lazy\" decoding=\"async\" srcset=\"https:\/\/digitxpert.fr\/wp-content\/uploads\/2025\/04\/reseaux-sociaux.png 1024w, https:\/\/digitxpert.fr\/wp-content\/uploads\/2025\/04\/reseaux-sociaux-300x300.png 300w, https:\/\/digitxpert.fr\/wp-content\/uploads\/2025\/04\/reseaux-sociaux-150x150.png 150w, https:\/\/digitxpert.fr\/wp-content\/uploads\/2025\/04\/reseaux-sociaux-768x768.png 768w, https:\/\/digitxpert.fr\/wp-content\/uploads\/2025\/04\/reseaux-sociaux-600x600.png 600w, https:\/\/digitxpert.fr\/wp-content\/uploads\/2025\/04\/reseaux-sociaux-100x100.png 100w\" sizes=\"auto, (max-width: 1024px) 100vw, 1024px\" \/><\/a><\/div><\/figure>[\/vc_column_inner][\/vc_row_inner]<style> style=\"height:clamp(40px, 4vmax, 80px);\"<\/style><div class=\"vcex-spacing wpex-w-100 wpex-clear\" style=\"height:clamp(40px, 4vmax, 80px);\"><\/div>[\/vc_column][\/vc_row][\/vc_section][vc_row remove_bottom_col_margin=\u00a0\u00bbtrue\u00a0\u00bb][vc_column]<style>.vcex-heading.vcex_69d50f09cc456{font-size:var(--wpex-text-4xl);}<\/style><h2 class=\"vcex-heading vcex-heading-plain vcex-module wpex-heading wpex-text-2xl wpex-mt-40 wpex-mb-25 wpex-text-center vcex_69d50f09cc456\"><span class=\"vcex-heading-inner wpex-inline-block\">The Process<\/span><\/h2><div class=\"vcex-grid-container vcex-module wpex-grid wpex-gap-20 wpex-grid-cols-1 wpex-md-grid-cols-2 wpex-lg-grid-cols-3\" style=\"gap:clamp(40px, 4vmax, 80px);\"><div class=\"vcex-module vcex-icon-box vcex-icon-box-one wpex-flex wpex-text-left\"><div class=\"vcex-icon-box-symbol wpex-flex-shrink-0 wpex-mr-20\"><div class=\"vcex-icon-box-icon wpex-inline-flex wpex-items-center wpex-justify-center wpex-child-inherit-color wpex-text-center wpex-leading-none wpex-text-1\" style=\"color:var(--wpex-accent);\"><span class=\"ticon ticon-umbrella\" aria-hidden=\"true\"><\/span><\/div><\/div><div class=\"vcex-icon-box-text wpex-flex-grow\"><h3 class=\"vcex-icon-box-heading wpex-heading wpex-mb-10\" style=\"font-size:1.2em;\">01. Strategie<\/h3><div class=\"vcex-icon-box-content wpex-last-mb-0 wpex-clr\" style=\"font-size:18px;\"><p><span style=\"font-weight: 400\">Nous \u00e9tablissons un plan pour atteindre vos objectifs strat\u00e9giques.<\/span><\/p>\n<\/div><\/div><\/div><div class=\"vcex-module vcex-icon-box vcex-icon-box-one wpex-flex wpex-text-left\"><div class=\"vcex-icon-box-symbol wpex-flex-shrink-0 wpex-mr-20\"><div class=\"vcex-icon-box-icon wpex-inline-flex wpex-items-center wpex-justify-center wpex-child-inherit-color wpex-text-center wpex-leading-none wpex-text-1\" style=\"color:var(--wpex-accent);\"><span class=\"ticon ticon-pie-chart\" aria-hidden=\"true\"><\/span><\/div><\/div><div class=\"vcex-icon-box-text wpex-flex-grow\"><h3 class=\"vcex-icon-box-heading wpex-heading wpex-mb-10\" style=\"font-size:1.2em;\">02. Analyse<\/h3><div class=\"vcex-icon-box-content wpex-last-mb-0 wpex-clr\" style=\"font-size:18px;\"><p><span style=\"font-weight: 400\">Nous analysons et identifions les meilleures possibilit\u00e9s, en suivant les tendances, pour apporter \u00e0 votre projet des atouts concrets, qui n&rsquo;auront rien \u00e0 envier \u00e0 la concurrence.<\/span><\/p>\n<\/div><\/div><\/div><div class=\"vcex-module vcex-icon-box vcex-icon-box-one wpex-flex wpex-text-left\"><div class=\"vcex-icon-box-symbol wpex-flex-shrink-0 wpex-mr-20\"><div class=\"vcex-icon-box-icon wpex-inline-flex wpex-items-center wpex-justify-center wpex-child-inherit-color wpex-text-center wpex-leading-none wpex-text-1\" style=\"color:var(--wpex-accent);\"><span class=\"ticon ticon-flask\" aria-hidden=\"true\"><\/span><\/div><\/div><div class=\"vcex-icon-box-text wpex-flex-grow\"><h3 class=\"vcex-icon-box-heading wpex-heading wpex-mb-10\" style=\"font-size:1.2em;\">03. Recherche<\/h3><div class=\"vcex-icon-box-content wpex-last-mb-0 wpex-clr\" style=\"font-size:18px;\"><p>Recherche sur l&rsquo;exp\u00e9rience utilisateur en \u00e9tudient la mani\u00e8re dont les clients interagissent avec votre marque au niveau pratique et fonctionnel.<\/p>\n<\/div><\/div><\/div><div class=\"vcex-module vcex-icon-box vcex-icon-box-one wpex-flex wpex-text-left\"><div class=\"vcex-icon-box-symbol wpex-flex-shrink-0 wpex-mr-20\"><div class=\"vcex-icon-box-icon wpex-inline-flex wpex-items-center wpex-justify-center wpex-child-inherit-color wpex-text-center wpex-leading-none wpex-text-1\" style=\"color:var(--wpex-accent);\"><span class=\"ticon ticon-lightbulb-o\" aria-hidden=\"true\"><\/span><\/div><\/div><div class=\"vcex-icon-box-text wpex-flex-grow\"><h3 class=\"vcex-icon-box-heading wpex-heading wpex-mb-10\" style=\"font-size:1.2em;\">04. Brainstorming<\/h3><div class=\"vcex-icon-box-content wpex-last-mb-0 wpex-clr\" style=\"font-size:18px;\"><p>D\u00e9di\u00e9 pour la cr\u00e9ation d\u2019une temp\u00eate d\u2019id\u00e9es, dans le but de trouver des solutions efficaces \u00e0 mettre en place avec notre \u00e9quipe.<\/p>\n<\/div><\/div><\/div><div class=\"vcex-module vcex-icon-box vcex-icon-box-one wpex-flex wpex-text-left\"><div class=\"vcex-icon-box-symbol wpex-flex-shrink-0 wpex-mr-20\"><div class=\"vcex-icon-box-icon wpex-inline-flex wpex-items-center wpex-justify-center wpex-child-inherit-color wpex-text-center wpex-leading-none wpex-text-1\" style=\"color:var(--wpex-accent);\"><span class=\"ticon ticon-paper-plane\" aria-hidden=\"true\"><\/span><\/div><\/div><div class=\"vcex-icon-box-text wpex-flex-grow\"><h3 class=\"vcex-icon-box-heading wpex-heading wpex-mb-10\" style=\"font-size:1.2em;\">05. Branding<\/h3><div class=\"vcex-icon-box-content wpex-last-mb-0 wpex-clr\" style=\"font-size:18px;\"><p>Visant \u00e0 constituer une image de marque, imm\u00e9diatement identifiable par la cible et v\u00e9hiculant une perception positive.<\/p>\n<\/div><\/div><\/div><div class=\"vcex-module vcex-icon-box vcex-icon-box-one wpex-flex wpex-text-left\"><div class=\"vcex-icon-box-symbol wpex-flex-shrink-0 wpex-mr-20\"><div class=\"vcex-icon-box-icon wpex-inline-flex wpex-items-center wpex-justify-center wpex-child-inherit-color wpex-text-center wpex-leading-none wpex-text-1\" style=\"color:var(--wpex-accent);\"><span class=\"ticon ticon-line-chart\" aria-hidden=\"true\"><\/span><\/div><\/div><div class=\"vcex-icon-box-text wpex-flex-grow\"><h3 class=\"vcex-icon-box-heading wpex-heading wpex-mb-10\" style=\"font-size:1.2em;\">05. Marketing<\/h3><div class=\"vcex-icon-box-content wpex-last-mb-0 wpex-clr\" style=\"font-size:18px;\"><p>Nous augmentons les visites sur votre <strong>site web<\/strong> en transformant ces visiteurs en clients \u00e0 travers diff\u00e9rent canaux.<\/p>\n<\/div><\/div><\/div><\/div>[\/vc_column][\/vc_row][vc_row remove_bottom_col_margin=\u00a0\u00bbtrue\u00a0\u00bb][vc_column]<div class=\"wpex-template-shortcode\">[vc_row remove_bottom_col_margin=\u00a0\u00bbtrue\u00a0\u00bb][vc_column]<style> style=\"height:clamp(60px, 7vmax, 120px);\"<\/style><div class=\"vcex-spacing wpex-w-100 wpex-clear\" style=\"height:clamp(60px, 7vmax, 120px);\"><\/div>[\/vc_column][\/vc_row]\n<\/div>[\/vc_column][\/vc_row][vc_section full_width=\u00a0\u00bbstretch_row\u00a0\u00bb el_class=\u00a0\u00bbwpex-surface-2&Prime;][vc_row remove_bottom_col_margin=\u00a0\u00bbtrue\u00a0\u00bb][vc_column]<div class=\"wpex-template-shortcode\">[vc_row remove_bottom_col_margin=\u00a0\u00bbtrue\u00a0\u00bb][vc_column]<style> style=\"height:clamp(60px, 7vmax, 120px);\"<\/style><div class=\"vcex-spacing wpex-w-100 wpex-clear\" style=\"height:clamp(60px, 7vmax, 120px);\"><\/div>[\/vc_column][\/vc_row]\n<\/div>[\/vc_column][\/vc_row][vc_row content_placement=\u00a0\u00bbmiddle\u00a0\u00bb column_spacing=\u00a0\u00bb60&Prime; equal_height=\u00a0\u00bbyes\u00a0\u00bb remove_bottom_col_margin=\u00a0\u00bbtrue\u00a0\u00bb][vc_column width=\u00a0\u00bb1\/2&Prime;]<style>.vcex-image.vcex_69d50f09d6cb6 .vcex-image-inner{max-width:450px;}<\/style><figure class=\"vcex-image vcex-module textcenter vcex_69d50f09d6cb6\"><div class=\"vcex-image-inner wpex-relative wpex-inline-block\"><img width=\"800\" height=\"900\" src=\"https:\/\/digitxpert.fr\/wp-content\/uploads\/2022\/07\/smartphone-no-bg.png\" class=\"vcex-image-img wpex-align-middle\" alt=\"\" loading=\"lazy\" decoding=\"async\" srcset=\"https:\/\/digitxpert.fr\/wp-content\/uploads\/2022\/07\/smartphone-no-bg.png 800w, https:\/\/digitxpert.fr\/wp-content\/uploads\/2022\/07\/smartphone-no-bg-267x300.png 267w, https:\/\/digitxpert.fr\/wp-content\/uploads\/2022\/07\/smartphone-no-bg-768x864.png 768w, https:\/\/digitxpert.fr\/wp-content\/uploads\/2022\/07\/smartphone-no-bg-600x675.png 600w\" sizes=\"auto, (max-width: 800px) 100vw, 800px\" \/><\/div><\/figure>[\/vc_column][vc_column width=\u00a0\u00bb1\/2&Prime;]<style>.vcex-heading.vcex_69d50f09db1b6{font-size:var(--wpex-text-4xl);}<\/style><h2 class=\"vcex-heading vcex-heading-plain vcex-module wpex-heading wpex-text-2xl vcex_69d50f09db1b6\"><span class=\"vcex-heading-inner wpex-inline-block\">Des sites performants et responsives.<\/span><\/h2><style> style=\"height:20px;\"<\/style><div class=\"vcex-spacing wpex-w-100 wpex-clear\" style=\"height:20px;\"><\/div>[vc_column_text color=\u00a0\u00bb#222222&Prime; font_size=\u00a0\u00bb14px\u00a0\u00bb]<strong data-start=\"133\" data-end=\"202\">Offrez \u00e0 vos visiteurs une exp\u00e9rience fluide sur tous les \u00e9crans.<\/strong><br data-start=\"202\" data-end=\"205\" \/>Nous cr\u00e9ons des sites web rapides, optimis\u00e9s et 100 % responsives, pens\u00e9s pour s\u00e9duire vos utilisateurs et booster votre pr\u00e9sence en ligne.[\/vc_column_text]<style> style=\"height:40px;\"<\/style><div class=\"vcex-spacing wpex-w-100 wpex-clear\" style=\"height:40px;\"><\/div><style>.vcex-list_item.vcex_69d50f09dba8f{font-size:16px;color:#222222;}.vcex-list_item.vcex_69d50f09dba8f .vcex-list-item-icon-inner{color:var(--wpex-accent);}<\/style><div class=\"vcex-list_item vcex-module wpex-m-0 wpex-max-w-100 wpex-mb-15 vcex_69d50f09dba8f\"><div class=\"vcex-list-item-inner wpex-inline-flex wpex-flex-no-wrap\"><div class=\"vcex-list-item-icon wpex-mr-10\"><div class=\"vcex-list-item-icon-inner vcex-icon-wrap wpex-inline-flex wpex-justify-center wpex-items-center wpex-leading-none wpex-child-inherit-color\"><span aria-hidden=\"true\" class=\"far fa-check-circle\"><\/span><\/div><\/div><div class=\"vcex-list-item-text vcex-content wpex-flex-grow\">UX \/ UI<\/div><\/div><\/div><style>.vcex-list_item.vcex_69d50f09de315{font-size:16px;color:#222222;}.vcex-list_item.vcex_69d50f09de315 .vcex-list-item-icon-inner{color:var(--wpex-accent);}<\/style><div class=\"vcex-list_item vcex-module wpex-m-0 wpex-max-w-100 wpex-mb-15 vcex_69d50f09de315\"><div class=\"vcex-list-item-inner wpex-inline-flex wpex-flex-no-wrap\"><div class=\"vcex-list-item-icon wpex-mr-10\"><div class=\"vcex-list-item-icon-inner vcex-icon-wrap wpex-inline-flex wpex-justify-center wpex-items-center wpex-leading-none wpex-child-inherit-color\"><span aria-hidden=\"true\" class=\"far fa-check-circle\"><\/span><\/div><\/div><div class=\"vcex-list-item-text vcex-content wpex-flex-grow\">Fluide<\/div><\/div><\/div><style>.vcex-list_item.vcex_69d50f09de954{font-size:16px;color:#222222;}.vcex-list_item.vcex_69d50f09de954 .vcex-list-item-icon-inner{color:var(--wpex-accent);}<\/style><div class=\"vcex-list_item vcex-module wpex-m-0 wpex-max-w-100 wpex-mb-15 vcex_69d50f09de954\"><div class=\"vcex-list-item-inner wpex-inline-flex wpex-flex-no-wrap\"><div class=\"vcex-list-item-icon wpex-mr-10\"><div class=\"vcex-list-item-icon-inner vcex-icon-wrap wpex-inline-flex wpex-justify-center wpex-items-center wpex-leading-none wpex-child-inherit-color\"><span aria-hidden=\"true\" class=\"far fa-check-circle\"><\/span><\/div><\/div><div class=\"vcex-list-item-text vcex-content wpex-flex-grow\">Responsive<\/div><\/div><\/div><style>.vcex-list_item.vcex_69d50f09def47{font-size:16px;color:#222222;}.vcex-list_item.vcex_69d50f09def47 .vcex-list-item-icon-inner{color:var(--wpex-accent);}<\/style><div class=\"vcex-list_item vcex-module wpex-m-0 wpex-max-w-100 wpex-mb-15 vcex_69d50f09def47\"><div class=\"vcex-list-item-inner wpex-inline-flex wpex-flex-no-wrap\"><div class=\"vcex-list-item-icon wpex-mr-10\"><div class=\"vcex-list-item-icon-inner vcex-icon-wrap wpex-inline-flex wpex-justify-center wpex-items-center wpex-leading-none wpex-child-inherit-color\"><span aria-hidden=\"true\" class=\"far fa-check-circle\"><\/span><\/div><\/div><div class=\"vcex-list-item-text vcex-content wpex-flex-grow\">Ergonomique<\/div><\/div><\/div><style>.vcex-list_item.vcex_69d50f09df525{font-size:16px;color:#222222;}.vcex-list_item.vcex_69d50f09df525 .vcex-list-item-icon-inner{color:var(--wpex-accent);}<\/style><div class=\"vcex-list_item vcex-module wpex-m-0 wpex-max-w-100 wpex-mb-15 vcex_69d50f09df525\"><div class=\"vcex-list-item-inner wpex-inline-flex wpex-flex-no-wrap\"><div class=\"vcex-list-item-icon wpex-mr-10\"><div class=\"vcex-list-item-icon-inner vcex-icon-wrap wpex-inline-flex wpex-justify-center wpex-items-center wpex-leading-none wpex-child-inherit-color\"><span aria-hidden=\"true\" class=\"far fa-check-circle\"><\/span><\/div><\/div><div class=\"vcex-list-item-text vcex-content wpex-flex-grow\">\u00c9quipe \u00e0 votre \u00e9coute et professionnelle<\/div><\/div><\/div><style> style=\"height:40px;\"<\/style><div class=\"vcex-spacing wpex-w-100 wpex-clear visible-phone\" style=\"height:40px;\"><\/div>[\/vc_column][\/vc_row][\/vc_section][vc_row visibility=\u00a0\u00bbhidden\u00a0\u00bb][vc_column][vc_column_text]\n<h1 style=\"text-align: center;\">Grille tarifaire (\u00e0 titre indicatif)<\/h1>\n[\/vc_column_text][\/vc_column][vc_column width=\u00a0\u00bb1\/3&Prime;][vc_raw_html]JTNDcCUzRVNpdGUlMjB2aXRyaW5lJTNDJTJGcCUzRSUwQSUzQ3AlM0UxODAwJUUyJTgyJUFDJTNDJTJGcCUzRQ==[\/vc_raw_html][\/vc_column][vc_column width=\u00a0\u00bb1\/3&Prime;][vc_raw_html]JTNDcCUzRVNpdGUlMjBwb3VyJTIwcmVzdGF1cmFudCUzQyUyRnAlM0UlMEElM0NwJTNFTWVudSUzQyUyRnAlM0UlMEElM0NwJTNFR2FsbGVyaWUlM0MlMkZwJTNFJTBBJTNDcCUzRUNvbnRhY3QlM0MlMkZwJTNFJTBBJTNDcCUzRUdvb2dsZSUyMG1hcHMlM0MlMkZwJTNFJTBBJTNDcCUzRTE4MDAlRTIlODIlQUMlM0MlMkZwJTNF[\/vc_raw_html][\/vc_column][vc_column width=\u00a0\u00bb1\/3&Prime;][vc_raw_html]JTNDcCUzRVNpdGUlMjBFLWNvbW1lcmNlJTNDJTJGcCUzRSUwQSUzQ3AlM0UzNTAwJUUyJTgyJUFDJTNDJTJGcCUzRQ==[\/vc_raw_html][\/vc_column][\/vc_row]\n<\/div>","protected":false},"excerpt":{"rendered":"<p>[vc_row full_width=\u00a0\u00bbstretch_row\u00a0\u00bb full_height=\u00a0\u00bbyes\u00a0\u00bb offset_overlay_header=\u00a0\u00bbyes\u00a0\u00bb wpex_bg_overlay=\u00a0\u00bbdark\u00a0\u00bb css=\u00a0\u00bb.vc_custom_1731155124681{background: #222222 url(https:\/\/digitxpert.fr\/wp-content\/uploads\/2022\/07\/bench-accounting-C3V88BOoRoM-unsplash.jpg?id=74) !important;background-position: center !important;background-repeat: no-repeat !important;background-size: cover !important;}\u00a0\u00bb wpex_bg_overlay_opacity=\u00a0\u00bb40%\u00a0\u00bb][vc_column][vc_column_text text_align=\u00a0\u00bbcenter\u00a0\u00bb color=\u00a0\u00bb#ffffff\u00a0\u00bb width=\u00a0\u00bb500px\u00a0\u00bb font_size=\u00a0\u00bb1.2em\u00a0\u00bb]Votre projet devient notre passion, avec notre expertise nous vous aidons \u00e0 r\u00e9aliser vos r\u00eaves.[\/vc_column_text][\/vc_column][\/vc_row][vc_row remove_bottom_col_margin=\u00a0\u00bbtrue\u00a0\u00bb][vc_column][\/vc_column][\/vc_row][vc_row remove_bottom_col_margin=\u00a0\u00bbtrue\u00a0\u00bb][vc_column][vc_column_text width=\u00a0\u00bb600px\u00a0\u00bb text_align=\u00a0\u00bbcenter\u00a0\u00bb font_size=\u00a0\u00bb1.07em\u00a0\u00bb]Nous sommes une agence digitale sp\u00e9cialis\u00e9e dans la cr\u00e9ation de sites internet, Nous accompagnons nos clients \u00e0&hellip;<\/p>\n","protected":false},"author":1,"featured_media":0,"parent":0,"menu_order":0,"comment_status":"closed","ping_status":"closed","template":"","meta":{"om_disable_all_campaigns":false,"_monsterinsights_skip_tracking":false,"_monsterinsights_sitenote_active":false,"_monsterinsights_sitenote_note":"","_monsterinsights_sitenote_category":0,"_uf_show_specific_survey":0,"_uf_disable_surveys":false,"_themeisle_gutenberg_block_has_review":false,"footnotes":""},"class_list":["post-31","page","type-page","status-publish","hentry","entry","no-media"],"aioseo_notices":[],"jetpack_sharing_enabled":true,"_links":{"self":[{"href":"https:\/\/digitxpert.fr\/index.php\/wp-json\/wp\/v2\/pages\/31","targetHints":{"allow":["GET"]}}],"collection":[{"href":"https:\/\/digitxpert.fr\/index.php\/wp-json\/wp\/v2\/pages"}],"about":[{"href":"https:\/\/digitxpert.fr\/index.php\/wp-json\/wp\/v2\/types\/page"}],"author":[{"embeddable":true,"href":"https:\/\/digitxpert.fr\/index.php\/wp-json\/wp\/v2\/users\/1"}],"replies":[{"embeddable":true,"href":"https:\/\/digitxpert.fr\/index.php\/wp-json\/wp\/v2\/comments?post=31"}],"version-history":[{"count":43,"href":"https:\/\/digitxpert.fr\/index.php\/wp-json\/wp\/v2\/pages\/31\/revisions"}],"predecessor-version":[{"id":599,"href":"https:\/\/digitxpert.fr\/index.php\/wp-json\/wp\/v2\/pages\/31\/revisions\/599"}],"wp:attachment":[{"href":"https:\/\/digitxpert.fr\/index.php\/wp-json\/wp\/v2\/media?parent=31"}],"curies":[{"name":"wp","href":"https:\/\/api.w.org\/{rel}","templated":true}]}}